{"id":3324,"date":"2023-05-03T13:28:59","date_gmt":"2023-05-03T13:28:59","guid":{"rendered":"https:\/\/galeriemariannegrob.com\/?page_id=3324"},"modified":"2024-02-09T15:36:48","modified_gmt":"2024-02-09T15:36:48","slug":"anja-braun","status":"publish","type":"page","link":"https:\/\/galeriemariannegrob.com\/?page_id=3324","title":{"rendered":"anja braun"},"content":{"rendered":"\n<div style=\"height:100px\" aria-hidden=\"true\" class=\"wp-block-spacer trenner\"><\/div>\n\n\n\n<div class=\"wp-block-getwid-section middlesection getwid-section-content-full-width\"><div class=\"wp-block-getwid-section__wrapper\" style=\"min-height:500px\"><div class=\"wp-block-getwid-section__inner-wrapper\"><div class=\"wp-block-getwid-section__background-holder\"><div class=\"wp-block-getwid-section__background\"><\/div><div class=\"wp-block-getwid-section__foreground\"><\/div><\/div><div class=\"wp-block-getwid-section__content\"><div class=\"wp-block-getwid-section__inner-content\"><div class=\"wp-block-image\">\n<figure class=\"aligncenter size-full\"><img loading=\"lazy\" decoding=\"async\" width=\"350\" height=\"350\" src=\"https:\/\/galeriemariannegrob.com\/wp-content\/uploads\/2023\/05\/anja-braun_350px.jpg\" alt=\"\" class=\"wp-image-3348\" srcset=\"https:\/\/galeriemariannegrob.com\/wp-content\/uploads\/2023\/05\/anja-braun_350px.jpg 350w, https:\/\/galeriemariannegrob.com\/wp-content\/uploads\/2023\/05\/anja-braun_350px-300x300.jpg 300w, https:\/\/galeriemariannegrob.com\/wp-content\/uploads\/2023\/05\/anja-braun_350px-150x150.jpg 150w\" sizes=\"auto, (max-width: 350px) 100vw, 350px\" \/><\/figure>\n<\/div><\/div><\/div><\/div><\/div><\/div>\n\n\n\n<div class=\"wp-block-columns space_mobile is-layout-flex wp-container-core-columns-is-layout-9d6595d7 wp-block-columns-is-layout-flex\">\n<div class=\"wp-block-column is-layout-flow wp-block-column-is-layout-flow\" style=\"flex-basis:55%\">\n<h2 class=\"wp-block-heading\" id=\"valerie-balmer\">anja braun<\/h2>\n\n\n\n<figure class=\"wp-block-table\"><table><tbody><tr><td>1985<\/td><td class=\"has-text-align-left\" data-align=\"left\">geboren in freiburg im breisgau<\/td><\/tr><tr><td><\/td><td class=\"has-text-align-left\" data-align=\"left\">lebt und arbeitet in basel <\/td><\/tr><tr><td>2006<\/td><td class=\"has-text-align-left\" data-align=\"left\">hochschule der k\u00fcnste bern, art education und fine arts, malerei bei albrecht Schnider<\/td><\/tr><tr><td>2011<\/td><td class=\"has-text-align-left\" data-align=\"left\">kunsthochschule berlin weissensee, bildhauerei bei prof. albrecht sch\u00e4fer<\/td><\/tr><tr><td>2013<\/td><td class=\"has-text-align-left\" data-align=\"left\">ma art education, hochschule der k\u00fcnste bern<\/td><\/tr><tr><td>2014<\/td><td class=\"has-text-align-left\" data-align=\"left\">atelier mondial stipendium, cit\u00e9 internationale des arts, paris, fr<\/td><\/tr><tr><td>2015<\/td><td class=\"has-text-align-left\" data-align=\"left\">kiefer hablitzel award, ch<\/td><\/tr><tr><td>2018<\/td><td class=\"has-text-align-left\" data-align=\"left\">ehf 2010 stipendium der konrad-adenauer-stiftung, berlin<\/td><\/tr><tr><td>2020<\/td><td class=\"has-text-align-left\" data-align=\"left\">dozentin f\u00fcr malerei im prop\u00e4deutikum biel, schule f\u00fcr gestaltung bern und biel<\/td><\/tr><\/tbody><\/table><\/figure>\n<\/div>\n<\/div>\n\n\n\n<p>ausstellungen auswahl<\/p>\n\n\n\n<div class=\"wp-block-columns is-layout-flex wp-container-core-columns-is-layout-9d6595d7 wp-block-columns-is-layout-flex\">\n<div class=\"wp-block-column is-layout-flow wp-block-column-is-layout-flow\" style=\"flex-basis:66.66%\">\n<figure class=\"wp-block-table\"><table><tbody><tr><td>2023<\/td><td>drei positionen der malerei, galerie marianne grob, basel<\/td><\/tr><tr><td>2022<\/td><td>une double ressource, mit selina baumann, fabrikculture, h\u00e9genheim (duo)<\/td><\/tr><tr><td>2021<\/td><td>pictorial spaces, kunsthaus baselland<\/td><\/tr><tr><td>2021<\/td><td>variations of presence, kunst koch, freiburg im breisgau (solo)<\/td><\/tr><tr><td>2018<\/td><td>&nbsp;talk to me, kunstverein freiburg<\/td><\/tr><tr><td>2018<\/td><td>jardin des arts, kunstverein weil am rhein (solo)<\/td><\/tr><tr><td>2017<\/td><td>black noise, sox, berlin (solo)<\/td><\/tr><tr><td>2017<\/td><td>bausinnlich, federkiel, m\u00fcnchen<\/td><\/tr><tr><td>2015<\/td><td>bern baby bern, kunstmuseum thun<\/td><\/tr><tr><td>2014<\/td><td>standbilder, kunstverein friedrichshafen (solo)<\/td><\/tr><tr><td><\/td><td><\/td><\/tr><tr><td><\/td><td><\/td><\/tr><tr><td><\/td><td><\/td><\/tr><tr><td><\/td><td><\/td><\/tr><tr><td><\/td><td><\/td><\/tr><tr><td><\/td><td><\/td><\/tr><tr><td><\/td><td><\/td><\/tr><\/tbody><\/table><\/figure>\n<\/div>\n<\/div>\n","protected":false},"excerpt":{"rendered":"<p>anja braun 1985 geboren in freiburg im breisgau lebt und arbeitet in basel 2006 hochschule der k\u00fcnste bern, art education und fine arts, malerei bei albrecht Schnider 2011 kunsthochschule berlin weissensee, bildhauerei bei prof. albrecht sch\u00e4fer 2013 ma art education, hochschule der k\u00fcnste bern 2014 atelier mondial stipendium, cit\u00e9 internationale des arts, paris, fr 2015 [&hellip;]<\/p>\n","protected":false},"author":3,"featured_media":0,"parent":11,"menu_order":0,"comment_status":"closed","ping_status":"closed","template":"","meta":{"footnotes":""},"class_list":["post-3324","page","type-page","status-publish","hentry"],"_links":{"self":[{"href":"https:\/\/galeriemariannegrob.com\/index.php?rest_route=\/wp\/v2\/pages\/3324","targetHints":{"allow":["GET"]}}],"collection":[{"href":"https:\/\/galeriemariannegrob.com\/index.php?rest_route=\/wp\/v2\/pages"}],"about":[{"href":"https:\/\/galeriemariannegrob.com\/index.php?rest_route=\/wp\/v2\/types\/page"}],"author":[{"embeddable":true,"href":"https:\/\/galeriemariannegrob.com\/index.php?rest_route=\/wp\/v2\/users\/3"}],"replies":[{"embeddable":true,"href":"https:\/\/galeriemariannegrob.com\/index.php?rest_route=%2Fwp%2Fv2%2Fcomments&post=3324"}],"version-history":[{"count":20,"href":"https:\/\/galeriemariannegrob.com\/index.php?rest_route=\/wp\/v2\/pages\/3324\/revisions"}],"predecessor-version":[{"id":3559,"href":"https:\/\/galeriemariannegrob.com\/index.php?rest_route=\/wp\/v2\/pages\/3324\/revisions\/3559"}],"up":[{"embeddable":true,"href":"https:\/\/galeriemariannegrob.com\/index.php?rest_route=\/wp\/v2\/pages\/11"}],"wp:attachment":[{"href":"https:\/\/galeriemariannegrob.com\/index.php?rest_route=%2Fwp%2Fv2%2Fmedia&parent=3324"}],"curies":[{"name":"wp","href":"https:\/\/api.w.org\/{rel}","templated":true}]}}